{"id":780,"date":"2017-12-12T15:28:18","date_gmt":"2017-12-12T14:28:18","guid":{"rendered":"http:\/\/betheone.com.pl\/?post_type=product&#038;p=780"},"modified":"2020-05-03T23:57:07","modified_gmt":"2020-05-03T21:57:07","slug":"szary-naszyjnik-boho-z-krysztalami","status":"publish","type":"product","link":"https:\/\/betheone.com.pl\/no\/produkt\/szary-naszyjnik-boho-z-krysztalami\/","title":{"rendered":"SZARY NASZYJNIK BOHO Z KRYSZTA\u0141AMI"},"content":{"rendered":"<p>Naszyjnik wykonany z szytego, materia\u0142owego, czarnego rzemienia, szarego, bawe\u0142nianego sznurka, kryszta\u0142\u00f3w tytanowych oraz metalowego zapi\u0119cia w kolorze z\u0142otym. Wygodne zapi\u0119cie na magnes.<span data-ccp-props=\"{&quot;201341983&quot;:0,&quot;335559739&quot;:160,&quot;335559740&quot;:259}\">\u00a0<\/span><\/p>\n<p>Ca\u0142kowita d\u0142ugo\u015b\u0107 naszyjnika ok 39 cm.<span data-ccp-props=\"{&quot;201341983&quot;:0,&quot;335559739&quot;:160,&quot;335559740&quot;:259}\">\u00a0<\/span><\/p>\n<p>Ka\u017cdy model bi\u017cuterii jest wykonany r\u0119cznie, dlatego poszczeg\u00f3lne egzemplarze mog\u0105 nieznacznie r\u00f3\u017cni\u0107 si\u0119 od modeli przedstawionych na zdj\u0119ciu.<span data-ccp-props=\"{&quot;201341983&quot;:0,&quot;335559739&quot;:160,&quot;335559740&quot;:259}\">\u00a0<\/span><\/p>\n<p>Bi\u017cuteria uwielbia, kiedy przechowujesz j\u0105 w oryginalnym opakowaniu, nie lubi si\u0119 z wod\u0105.<span data-ccp-props=\"{&quot;201341983&quot;:0,&quot;335559739&quot;:160,&quot;335559740&quot;:259}\">\u00a0<\/span><\/p>\n<p>Istnieje mo\u017cliwo\u015b\u0107 wykonania\u00a0naszyjnika\u00a0w r\u00f3\u017cnych wariantach kolorystycznych na \u017cyczenie klienta.\u00a0<span data-ccp-props=\"{&quot;201341983&quot;:0,&quot;335559739&quot;:160,&quot;335559740&quot;:259}\">\u00a0<\/span><\/p>\n<p>Zapraszamy do kontaktu!<span data-ccp-props=\"{&quot;201341983&quot;:0,&quot;335559739&quot;:160,&quot;335559740&quot;:259}\">\u00a0<\/span><\/p>\n<p><a href=\"mailto:biuro@betheone.com.pl\">biuro@betheone.com.pl<\/a><span data-ccp-props=\"{&quot;201341983&quot;:0,&quot;335559739&quot;:160,&quot;335559740&quot;:259}\">\u00a0<\/span><\/p>\n","protected":false},"excerpt":{"rendered":"<p>Naszyjnik wykonany z szytego, materia\u0142owego, czarnego rzemienia, szarego, bawe\u0142nianego sznurka, kryszta\u0142\u00f3w tytanowych oraz metalowego zapi\u0119cia w kolorze z\u0142otym. Wygodne zapi\u0119cie na magnes.\u00a0 Ca\u0142kowita d\u0142ugo\u015b\u0107 naszyjnika ok 39 cm.\u00a0 Ka\u017cdy model bi\u017cuterii jest wykonany r\u0119cznie, dlatego poszczeg\u00f3lne egzemplarze mog\u0105 nieznacznie r\u00f3\u017cni\u0107 si\u0119 od modeli przedstawionych na zdj\u0119ciu.\u00a0 Bi\u017cuteria uwielbia, kiedy przechowujesz j\u0105 w oryginalnym opakowaniu, nie [&hellip;]<\/p>\n","protected":false},"featured_media":0,"comment_status":"closed","ping_status":"closed","template":"","meta":{"inline_featured_image":false,"_kad_blocks_custom_css":"","_kad_blocks_head_custom_js":"","_kad_blocks_body_custom_js":"","_kad_blocks_footer_custom_js":""},"product_cat":[69],"product_tag":[],"acf":[],"yoast_head":"<!-- This site is optimized with the Yoast SEO plugin v22.1 - https:\/\/yoast.com\/wordpress\/plugins\/seo\/ -->\n<title>SZARY NASZYJNIK BOHO Z KRYSZTA\u0141AMI - BE THE ONE<\/title>\n<meta name=\"robots\" content=\"index, follow, max-snippet:-1, max-image-preview:large, max-video-preview:-1\" \/>\n<link rel=\"canonical\" href=\"https:\/\/betheone.com.pl\/produkt\/szary-naszyjnik-boho-z-krysztalami\/\" \/>\n<meta property=\"og:locale\" content=\"nb_NO\" \/>\n<meta property=\"og:type\" content=\"article\" \/>\n<meta property=\"og:title\" content=\"SZARY NASZYJNIK BOHO Z KRYSZTA\u0141AMI - BE THE ONE\" \/>\n<meta property=\"og:description\" content=\"Naszyjnik wykonany z szytego, materia\u0142owego, czarnego rzemienia, szarego, bawe\u0142nianego sznurka, kryszta\u0142\u00f3w tytanowych oraz metalowego zapi\u0119cia w kolorze z\u0142otym. Wygodne zapi\u0119cie na magnes.\u00a0 Ca\u0142kowita d\u0142ugo\u015b\u0107 naszyjnika ok 39 cm.\u00a0 Ka\u017cdy model bi\u017cuterii jest wykonany r\u0119cznie, dlatego poszczeg\u00f3lne egzemplarze mog\u0105 nieznacznie r\u00f3\u017cni\u0107 si\u0119 od modeli przedstawionych na zdj\u0119ciu.\u00a0 Bi\u017cuteria uwielbia, kiedy przechowujesz j\u0105 w oryginalnym opakowaniu, nie [&hellip;]\" \/>\n<meta property=\"og:url\" content=\"https:\/\/betheone.com.pl\/produkt\/szary-naszyjnik-boho-z-krysztalami\/\" \/>\n<meta property=\"og:site_name\" content=\"BE THE ONE\" \/>\n<meta property=\"article:modified_time\" content=\"2020-05-03T21:57:07+00:00\" \/>\n<meta property=\"og:image\" content=\"https:\/\/betheone.com.pl\/wp-content\/uploads\/2017\/12\/Paulina-Nowak-2a-1.jpg\" \/>\n\t<meta property=\"og:image:width\" content=\"1200\" \/>\n\t<meta property=\"og:image:height\" content=\"1800\" \/>\n\t<meta property=\"og:image:type\" content=\"image\/jpeg\" \/>\n<script type=\"application\/ld+json\" class=\"yoast-schema-graph\">{\"@context\":\"https:\/\/schema.org\",\"@graph\":[{\"@type\":\"WebPage\",\"@id\":\"https:\/\/betheone.com.pl\/produkt\/szary-naszyjnik-boho-z-krysztalami\/\",\"url\":\"https:\/\/betheone.com.pl\/produkt\/szary-naszyjnik-boho-z-krysztalami\/\",\"name\":\"SZARY NASZYJNIK BOHO Z KRYSZTA\u0141AMI - BE THE ONE\",\"isPartOf\":{\"@id\":\"https:\/\/betheone.com.pl\/#website\"},\"datePublished\":\"2017-12-12T14:28:18+00:00\",\"dateModified\":\"2020-05-03T21:57:07+00:00\",\"breadcrumb\":{\"@id\":\"https:\/\/betheone.com.pl\/produkt\/szary-naszyjnik-boho-z-krysztalami\/#breadcrumb\"},\"inLanguage\":\"nb-NO\",\"potentialAction\":[{\"@type\":\"ReadAction\",\"target\":[\"https:\/\/betheone.com.pl\/produkt\/szary-naszyjnik-boho-z-krysztalami\/\"]}]},{\"@type\":\"BreadcrumbList\",\"@id\":\"https:\/\/betheone.com.pl\/produkt\/szary-naszyjnik-boho-z-krysztalami\/#breadcrumb\",\"itemListElement\":[{\"@type\":\"ListItem\",\"position\":1,\"name\":\"Strona g\u0142\u00f3wna\",\"item\":\"https:\/\/betheone.com.pl\/no\/\"},{\"@type\":\"ListItem\",\"position\":2,\"name\":\"Butikk\",\"item\":\"https:\/\/betheone.com.pl\/no\/sklep\/\"},{\"@type\":\"ListItem\",\"position\":3,\"name\":\"SZARY NASZYJNIK BOHO Z KRYSZTA\u0141AMI\"}]},{\"@type\":\"WebSite\",\"@id\":\"https:\/\/betheone.com.pl\/#website\",\"url\":\"https:\/\/betheone.com.pl\/\",\"name\":\"BE THE ONE\",\"description\":\"\",\"publisher\":{\"@id\":\"https:\/\/betheone.com.pl\/#organization\"},\"potentialAction\":[{\"@type\":\"SearchAction\",\"target\":{\"@type\":\"EntryPoint\",\"urlTemplate\":\"https:\/\/betheone.com.pl\/?s={search_term_string}\"},\"query-input\":\"required name=search_term_string\"}],\"inLanguage\":\"nb-NO\"},{\"@type\":\"Organization\",\"@id\":\"https:\/\/betheone.com.pl\/#organization\",\"name\":\"BE THE ONE\",\"url\":\"https:\/\/betheone.com.pl\/\",\"logo\":{\"@type\":\"ImageObject\",\"inLanguage\":\"nb-NO\",\"@id\":\"https:\/\/betheone.com.pl\/#\/schema\/logo\/image\/\",\"url\":\"https:\/\/betheone.com.pl\/wp-content\/uploads\/2025\/07\/cropped-LOGO__34.png\",\"contentUrl\":\"https:\/\/betheone.com.pl\/wp-content\/uploads\/2025\/07\/cropped-LOGO__34.png\",\"width\":512,\"height\":512,\"caption\":\"BE THE ONE\"},\"image\":{\"@id\":\"https:\/\/betheone.com.pl\/#\/schema\/logo\/image\/\"}}]}<\/script>\n<!-- \/ Yoast SEO plugin. -->","yoast_head_json":{"title":"SZARY NASZYJNIK BOHO Z KRYSZTA\u0141AMI - BE THE ONE","robots":{"index":"index","follow":"follow","max-snippet":"max-snippet:-1","max-image-preview":"max-image-preview:large","max-video-preview":"max-video-preview:-1"},"canonical":"https:\/\/betheone.com.pl\/produkt\/szary-naszyjnik-boho-z-krysztalami\/","og_locale":"nb_NO","og_type":"article","og_title":"SZARY NASZYJNIK BOHO Z KRYSZTA\u0141AMI - BE THE ONE","og_description":"Naszyjnik wykonany z szytego, materia\u0142owego, czarnego rzemienia, szarego, bawe\u0142nianego sznurka, kryszta\u0142\u00f3w tytanowych oraz metalowego zapi\u0119cia w kolorze z\u0142otym. Wygodne zapi\u0119cie na magnes.\u00a0 Ca\u0142kowita d\u0142ugo\u015b\u0107 naszyjnika ok 39 cm.\u00a0 Ka\u017cdy model bi\u017cuterii jest wykonany r\u0119cznie, dlatego poszczeg\u00f3lne egzemplarze mog\u0105 nieznacznie r\u00f3\u017cni\u0107 si\u0119 od modeli przedstawionych na zdj\u0119ciu.\u00a0 Bi\u017cuteria uwielbia, kiedy przechowujesz j\u0105 w oryginalnym opakowaniu, nie [&hellip;]","og_url":"https:\/\/betheone.com.pl\/produkt\/szary-naszyjnik-boho-z-krysztalami\/","og_site_name":"BE THE ONE","article_modified_time":"2020-05-03T21:57:07+00:00","og_image":[{"width":1200,"height":1800,"url":"https:\/\/betheone.com.pl\/wp-content\/uploads\/2017\/12\/Paulina-Nowak-2a-1.jpg","type":"image\/jpeg"}],"schema":{"@context":"https:\/\/schema.org","@graph":[{"@type":"WebPage","@id":"https:\/\/betheone.com.pl\/produkt\/szary-naszyjnik-boho-z-krysztalami\/","url":"https:\/\/betheone.com.pl\/produkt\/szary-naszyjnik-boho-z-krysztalami\/","name":"SZARY NASZYJNIK BOHO Z KRYSZTA\u0141AMI - BE THE ONE","isPartOf":{"@id":"https:\/\/betheone.com.pl\/#website"},"datePublished":"2017-12-12T14:28:18+00:00","dateModified":"2020-05-03T21:57:07+00:00","breadcrumb":{"@id":"https:\/\/betheone.com.pl\/produkt\/szary-naszyjnik-boho-z-krysztalami\/#breadcrumb"},"inLanguage":"nb-NO","potentialAction":[{"@type":"ReadAction","target":["https:\/\/betheone.com.pl\/produkt\/szary-naszyjnik-boho-z-krysztalami\/"]}]},{"@type":"BreadcrumbList","@id":"https:\/\/betheone.com.pl\/produkt\/szary-naszyjnik-boho-z-krysztalami\/#breadcrumb","itemListElement":[{"@type":"ListItem","position":1,"name":"Strona g\u0142\u00f3wna","item":"https:\/\/betheone.com.pl\/no\/"},{"@type":"ListItem","position":2,"name":"Butikk","item":"https:\/\/betheone.com.pl\/no\/sklep\/"},{"@type":"ListItem","position":3,"name":"SZARY NASZYJNIK BOHO Z KRYSZTA\u0141AMI"}]},{"@type":"WebSite","@id":"https:\/\/betheone.com.pl\/#website","url":"https:\/\/betheone.com.pl\/","name":"BE THE ONE","description":"","publisher":{"@id":"https:\/\/betheone.com.pl\/#organization"},"potentialAction":[{"@type":"SearchAction","target":{"@type":"EntryPoint","urlTemplate":"https:\/\/betheone.com.pl\/?s={search_term_string}"},"query-input":"required name=search_term_string"}],"inLanguage":"nb-NO"},{"@type":"Organization","@id":"https:\/\/betheone.com.pl\/#organization","name":"BE THE ONE","url":"https:\/\/betheone.com.pl\/","logo":{"@type":"ImageObject","inLanguage":"nb-NO","@id":"https:\/\/betheone.com.pl\/#\/schema\/logo\/image\/","url":"https:\/\/betheone.com.pl\/wp-content\/uploads\/2025\/07\/cropped-LOGO__34.png","contentUrl":"https:\/\/betheone.com.pl\/wp-content\/uploads\/2025\/07\/cropped-LOGO__34.png","width":512,"height":512,"caption":"BE THE ONE"},"image":{"@id":"https:\/\/betheone.com.pl\/#\/schema\/logo\/image\/"}}]}},"featured_image_src_large":false,"author_info":[],"comment_info":0,"taxonomy_info":{"product_cat":[{"value":69,"label":"Naszyjniki"}]},"_links":{"self":[{"href":"https:\/\/betheone.com.pl\/no\/wp-json\/wp\/v2\/product\/780"}],"collection":[{"href":"https:\/\/betheone.com.pl\/no\/wp-json\/wp\/v2\/product"}],"about":[{"href":"https:\/\/betheone.com.pl\/no\/wp-json\/wp\/v2\/types\/product"}],"replies":[{"embeddable":true,"href":"https:\/\/betheone.com.pl\/no\/wp-json\/wp\/v2\/comments?post=780"}],"wp:attachment":[{"href":"https:\/\/betheone.com.pl\/no\/wp-json\/wp\/v2\/media?parent=780"}],"wp:term":[{"taxonomy":"product_cat","embeddable":true,"href":"https:\/\/betheone.com.pl\/no\/wp-json\/wp\/v2\/product_cat?post=780"},{"taxonomy":"product_tag","embeddable":true,"href":"https:\/\/betheone.com.pl\/no\/wp-json\/wp\/v2\/product_tag?post=780"}],"curies":[{"name":"wp","href":"https:\/\/api.w.org\/{rel}","templated":true}]}}

SZARY NASZYJNIK BOHO Z KRYSZTAŁAMI

<p>Naszyjnik wykonany z szytego, materiałowego, czarnego rzemienia, szarego, bawełnianego sznurka, kryształów tytanowych oraz metalowego zapięcia w kolorze złotym. Wygodne zapięcie na magnes.<span data-ccp-props="{&quot;201341983&quot;:0,&quot;335559739&quot;:160,&quot;335559740&quot;:259}"> </span></p>
<p>Całkowita długość naszyjnika ok 39 cm.<span data-ccp-props="{&quot;201341983&quot;:0,&quot;335559739&quot;:160,&quot;335559740&quot;:259}"> </span></p>
<p>Każdy model biżuterii jest wykonany ręcznie, dlatego poszczególne egzemplarze mogą nieznacznie różnić się od modeli przedstawionych na zdjęciu.<span data-ccp-props="{&quot;201341983&quot;:0,&quot;335559739&quot;:160,&quot;335559740&quot;:259}"> </span></p>
<p>Biżuteria uwielbia, kiedy przechowujesz ją w oryginalnym opakowaniu, nie lubi się z wodą.<span data-ccp-props="{&quot;201341983&quot;:0,&quot;335559739&quot;:160,&quot;335559740&quot;:259}"> </span></p>
<p>Istnieje możliwość wykonania naszyjnika w różnych wariantach kolorystycznych na życzenie klienta. <span data-ccp-props="{&quot;201341983&quot;:0,&quot;335559739&quot;:160,&quot;335559740&quot;:259}"> </span></p>
<p>Zapraszamy do kontaktu!<span data-ccp-props="{&quot;201341983&quot;:0,&quot;335559739&quot;:160,&quot;335559740&quot;:259}"> </span></p>
<p><a href="mailto:biuro@betheone.com.pl">biuro@betheone.com.pl</a><span data-ccp-props="{&quot;201341983&quot;:0,&quot;335559739&quot;:160,&quot;335559740&quot;:259}"> </span></p>

<p>Naszyjnik wykonany z szytego, materiałowego, czarnego rzemienia, szarego, bawełnianego sznurka, kryształów tytanowych oraz metalowego zapięcia w kolorze złotym. Wygodne zapięcie na magnes.  Całkowita długość naszyjnika ok 39 cm.  Każdy model biżuterii jest wykonany ręcznie, dlatego poszczególne egzemplarze mogą nieznacznie różnić się od modeli przedstawionych na zdjęciu.  Biżuteria uwielbia, kiedy przechowujesz ją w oryginalnym opakowaniu, nie [&hellip;]</p>

<!-- This site is optimized with the Yoast SEO plugin v22.1 - https://yoast.com/wordpress/plugins/seo/ -->
<title>SZARY NASZYJNIK BOHO Z KRYSZTAŁAMI - BE THE ONE</title>
<meta name="robots" content="index, follow, max-snippet:-1, max-image-preview:large, max-video-preview:-1" />
<link rel="canonical" href="https://betheone.com.pl/produkt/szary-naszyjnik-boho-z-krysztalami/" />
<meta property="og:locale" content="nb_NO" />
<meta property="og:type" content="article" />
<meta property="og:title" content="SZARY NASZYJNIK BOHO Z KRYSZTAŁAMI - BE THE ONE" />
<meta property="og:description" content="Naszyjnik wykonany z szytego, materiałowego, czarnego rzemienia, szarego, bawełnianego sznurka, kryształów tytanowych oraz metalowego zapięcia w kolorze złotym. Wygodne zapięcie na magnes.  Całkowita długość naszyjnika ok 39 cm.  Każdy model biżuterii jest wykonany ręcznie, dlatego poszczególne egzemplarze mogą nieznacznie różnić się od modeli przedstawionych na zdjęciu.  Biżuteria uwielbia, kiedy przechowujesz ją w oryginalnym opakowaniu, nie [&hellip;]" />
<meta property="og:url" content="https://betheone.com.pl/produkt/szary-naszyjnik-boho-z-krysztalami/" />
<meta property="og:site_name" content="BE THE ONE" />
<meta property="article:modified_time" content="2020-05-03T21:57:07+00:00" />
<meta property="og:image" content="https://betheone.com.pl/wp-content/uploads/2017/12/Paulina-Nowak-2a-1.jpg" />
	<meta property="og:image:width" content="1200" />
	<meta property="og:image:height" content="1800" />
	<meta property="og:image:type" content="image/jpeg" />
<script type="application/ld+json" class="yoast-schema-graph">{"@context":"https://schema.org","@graph":[{"@type":"WebPage","@id":"https://betheone.com.pl/produkt/szary-naszyjnik-boho-z-krysztalami/","url":"https://betheone.com.pl/produkt/szary-naszyjnik-boho-z-krysztalami/","name":"SZARY NASZYJNIK BOHO Z KRYSZTAŁAMI - BE THE ONE","isPartOf":{"@id":"https://betheone.com.pl/#website"},"datePublished":"2017-12-12T14:28:18+00:00","dateModified":"2020-05-03T21:57:07+00:00","breadcrumb":{"@id":"https://betheone.com.pl/produkt/szary-naszyjnik-boho-z-krysztalami/#breadcrumb"},"inLanguage":"nb-NO","potentialAction":[{"@type":"ReadAction","target":["https://betheone.com.pl/produkt/szary-naszyjnik-boho-z-krysztalami/"]}]},{"@type":"BreadcrumbList","@id":"https://betheone.com.pl/produkt/szary-naszyjnik-boho-z-krysztalami/#breadcrumb","itemListElement":[{"@type":"ListItem","position":1,"name":"Strona główna","item":"https://betheone.com.pl/no/"},{"@type":"ListItem","position":2,"name":"Butikk","item":"https://betheone.com.pl/no/sklep/"},{"@type":"ListItem","position":3,"name":"SZARY NASZYJNIK BOHO Z KRYSZTAŁAMI"}]},{"@type":"WebSite","@id":"https://betheone.com.pl/#website","url":"https://betheone.com.pl/","name":"BE THE ONE","description":"","publisher":{"@id":"https://betheone.com.pl/#organization"},"potentialAction":[{"@type":"SearchAction","target":{"@type":"EntryPoint","urlTemplate":"https://betheone.com.pl/?s={search_term_string}"},"query-input":"required name=search_term_string"}],"inLanguage":"nb-NO"},{"@type":"Organization","@id":"https://betheone.com.pl/#organization","name":"BE THE ONE","url":"https://betheone.com.pl/","logo":{"@type":"ImageObject","inLanguage":"nb-NO","@id":"https://betheone.com.pl/#/schema/logo/image/","url":"https://betheone.com.pl/wp-content/uploads/2025/07/cropped-LOGO__34.png","contentUrl":"https://betheone.com.pl/wp-content/uploads/2025/07/cropped-LOGO__34.png","width":512,"height":512,"caption":"BE THE ONE"},"image":{"@id":"https://betheone.com.pl/#/schema/logo/image/"}}]}</script>
<!-- / Yoast SEO plugin. -->

SZARY NASZYJNIK BOHO Z KRYSZTAŁAMI - BE THE ONE

Naszyjnik wykonany z szytego, materiałowego, czarnego rzemienia, szarego, bawełnianego sznurka, kryształów tytanowych oraz metalowego zapięcia w kolorze złotym. Wygodne zapięcie na magnes.  Całkowita długość naszyjnika ok 39 cm.  Każdy model biżuterii jest wykonany ręcznie, dlatego poszczególne egzemplarze mogą nieznacznie różnić się od modeli przedstawionych na zdjęciu.  Biżuteria uwielbia, kiedy przechowujesz ją w oryginalnym opakowaniu, nie [&hellip;]

Strona główna
